(i) be the third derivative of -i**6/120 + i**5/6 + 5*i**4/8 + 29*i**3/6 - 80*i**2. List the prime factors of l(11).
73
Let n = 968 + 9079. What are the prime factors of n?
3, 17, 197
Suppose -44622 - 18453 = -25*n. What are the prime factors of n?
3, 29
Suppose 4*x + 108 = 4*r, x - 4*x - 77 = r. Let b = x - -26. Suppose -3*u + 15 = 0, b = -3*o - 0*u - u + 26. What are the prime factors of o?
7
Let x(g) = -5*g - 8. Suppose 0 = 3*z + 2*f - 30, -4*z - 2*f + 20 = -6*f. Let d be x(z). Let n = d + 52. What are the prime factors of n?
2
Let c = 2051 + -651. Suppose -4*p + c = 5*k, 4*k + 2*p - 1120 = -p. Suppose 10*n = 2*n + k. What are the prime factors of n?
5, 7
Let o(x) = x - 3. Let k be o(6). Suppose l - 8*r + 3*r = 614, 2*l - k*r - 1221 = 0. What are the prime factors of l?
3, 7, 29
Suppose 146*k = 142*k - f + 14, 4*k = 5*f - 22. Let u(a) be the first derivative of 11*a**3/3 - 3*a**2 + 2*a + 1. List the prime factors of u(k).
2, 17
Let s = -278 + 1502. Let y = -222 + s. List the prime factors of y.
2, 3, 167
Let w(s) = -5*s + 35. Let u be w(7). Suppose 5*k - 290 - 1575 = u. What are the prime factors of k?
373
Suppose -4*p + 17 = p - 4*g, -2*p + g = -5. Let n be ((-9)/(-12) - p)*-20. Suppose -4*h + 0*h = 2*f - 256, 5*f - n*h = 595. List the prime factors of f.
2, 61
Suppose 2*o - 22 = -2*i, -2*i + o + 31 = -0*i. Suppose 0 = i*t - 4 + 32. What are the prime factors of t*(-204)/(-16)*-10?
3, 5, 17
Let o(c) = -6*c**2 - 5*c - 1. Let l = -33 + 35. Let h be o(l). Let p = h + 68. What are the prime factors of p?
3, 11
Let f = -1549 - -3647. List the prime factors of f.
2, 1049
Let x be 1325/20 + 15/(-12). Suppose 4*c = 2*u + 246, -c - 3*u + 0*u + x = 0. List the prime factors of c.
2, 31
Let f(z) = z**3 + 22*z**2 + 14*z + 31. Suppose -15*m = -m + 294. What are the prime factors of f(m)?
2, 89
Let n be (-1 - -3 - 3) + 4. Suppose 6*j - 15 = n*j. Suppose 2*k = 4*k + 3*t - 119, -j*t = 5*k - 300. List the prime factors of k.
61
Suppose 2*t - 38 = -0*t. Suppose t*r = 14*r + 230. Suppose -4*k - r = -306. List the prime factors of k.
5, 13
Let a = -1850 - -1920. Let r be ((-14)/(-4))/((-1)/4). What are the prime factors of ((-52)/10)/(r/a)?
2, 13
Let c = 1137 + -681. Suppose 2*a = -2*p + 90 + c, -2 = -2*a. List the prime factors of p.
2, 17
Suppose 46*z - 245348 = 5168. List the prime factors of z.
2, 7, 389
Suppose 0 = 2*h - 0*r + 3*r - 3, 5*h - 3 = -3*r. Suppose -4*u + 0*u + 56 = h. Suppose 4*a = q - 45, q - u - 37 = -2*a. What are the prime factors of q?
7
Suppose -16 = -4*z, 3*z = -4*b + 7*z + 22548. List the prime factors of b.
5641
Let k be (10/4 - 2)*28*5. Suppose -k*i = -54*i - 17872. List the prime factors of i.
1117
Let h(b) = -2*b**3 + b**2 + b + 1895. Let l be h(0). Suppose -l = -2*a - m, -5*a + 3*m + 4751 = m. List the prime factors of a.
13, 73
Let y(z) = -z**3 + 47*z**2 - 13*z - 5. What are the prime factors of y(23)?
2, 1549
Suppose -5*a + 0*m = m - 192, 15 = -5*m. Let h(r) = r**2 - 15*r - 81. What are the prime factors of h(a)?
3, 5, 19
Suppose -48*q = -45*q + w - 24608, -8188 = -q - 4*w. List the prime factors of q.
2, 7, 293
What are the prime factors of (-11)/(44/(-70030)) + 45/(-18)?
3, 5, 389
Suppose f = -5*a + 10, 3*a + 16 - 44 = -5*f. Suppose -22 = -f*h + 3. Suppose 3*m - 5*q - 31 = 85, -h*q = -m + 42. List the prime factors of m.
37
Let p = -3734 - -4729. List the prime factors of p.
5, 199
Let b(t) = t**3 + 16*t**2 - 15*t + 33. Let s be b(-17). Let f(p) = 817*p**2 + p + 1. What are the prime factors of f(s)?
19, 43
Suppose 0 = -b + 3*b + 2. Suppose 0 = 14*o - 13*o + 1. What are the prime factors of b*(o - 0 - 65)?
2, 3, 11
Suppose 0*i - 19*i = -760. Let g(b) = 49*b - 284. List the prime factors of g(i).
2, 419
Suppose -4*m = a + 21, 5*m + 18 = -6*a + 5*a. Suppose -2*n = -70 - 236. Let r = n + a. List the prime factors of r.
2, 3, 5
Let p(x) be the third derivative of x**5/60 - 5*x**4/24 - 6*x**3 - 20*x**2. Let a be p(9). List the prime factors of 3 + a + 580/5.
7, 17
Suppose 116*t + 2375 = 135*t. What are the prime factors of t?
5
Suppose -68*o + 55 = -57*o. Suppose -h + o*h - 4336 = 0. List the prime factors of h.
2, 271
Suppose -452 + 8162 = 5*l. Let d = l - 768. What are the prime factors of d?
2, 3, 43
Let c = 334 + -321. Suppose 0 = c*l - 25*l + 8232. List the prime factors of l.
2, 7
Suppose 2*o - 2 = 2. Suppose -960 = -13*i - 258. Suppose 0 = o*g + 2*g + v - 216, i = g - v. What are the prime factors of g?
2, 3
Suppose 268380 = 52*u - 289220 + 60896. What are the prime factors of u?
2, 3, 199
Let r(i) = i**2 - 3*i + 4. Let b be r(3). Suppose -14*c + 8*c = -2*c. Suppose c = -n - 2*h + 23, 92 = b*n - 2*h - 0*h. What are the prime factors of n?
23
Suppose 14*q + 1530 = 20*q. Suppose 136 = -d - 5*z, d + 220 - 82 = -4*z. Let i = d + q. What are the prime factors of i?
109
Let i = 10092 + -4370. What are the prime factors of i?
2, 2861
Let d(q) = -q**2 - 38*q + 96. Let t = -49 + 18. List the prime factors of d(t).
313
Let a = -91 + -21. Let u be (6/(-8))/(2/a). Suppose -1 = b - u. What are the prime factors of b?
41
What are the prime factors of 51/(-3672)*-54 - (1 - (-251045)/(-4))?
62761
Let q(l) = 8*l**3 + 8*l**2 - 255*l + 1763. List the prime factors of q(7).
2, 3, 173
Let z = 776 + 5735. What are the prime factors of z?
17, 383
Suppose 0 = 2*d + 6, 3801 = a + 5*d - 11435. List the prime factors of a.
101, 151
Let q(y) = -12*y**3 - 16*y**2 - 6*y + 3. What are the prime factors of q(-10)?
10463
Suppose c - 5743 = -2*v, 3*c + 4374 = 2*v - 1389. What are the prime factors of v?
2, 3, 479
Suppose 6*p - 108 = 10*p. Let a be (-730)/(-6) + -2 - (-18)/p. Let x = a + 99. What are the prime factors of x?
2, 109
Let f = 84 + 546. List the prime factors of f.
2, 3, 5, 7
Let g = 2980 + 2703. What are the prime factors of g?
5683
What are the prime factors of (-4)/(-8)*(7845 + (-3 - -6))?
2, 3, 109
Let t = 71854 + -32050. What are the prime factors of t?
2, 3, 31, 107
Let p(u) be the first derivative of u**2/2 + 8*u - 413. Let i = 6 - -7. List the prime factors of p(i).
3, 7
Let p(k) be the first derivative of -7*k**2 - 226*k + 34. What are the prime factors of p(-21)?
2, 17
Let b be (12/(-5))/((-1)/(-20)*-1). Suppose 4*v + 36 = -2*u, -5*u = -2*u + 3*v + b. Let f(d) = d**2 + 5*d - 23. List the prime factors of f(u).
103
Suppose s = -5*w - 4180 + 16898, -w + 2*s + 2548 = 0. List the prime factors of w.
2, 3, 53
Let v(l) = -18*l + 227. Let b be (-1 + 5)*377/(-116). List the prime factors of v(b).
461
Suppose -2*x - 348 = -4*f + 2*x, f = -5*x + 57. Let p = f + -25. What are the prime factors of p?
3, 19
Suppose -2 = -7*x + 6*x. Suppose -48 = -f + x. Let l = 8 + f. What are the prime factors of l?
2, 29
Suppose 0 = 6*a - 2 - 22. Suppose -a*l + 2*o + 160 = 0, 12 = -6*o + 3*o. Let t = l - -39. List the prime factors of t.
7, 11
Let x = 133576 - 88756. What are the prime factors of x?
2, 3, 5, 83
Let f(s) = -5*s**3 + 36*s**2 + 81*s - 11. Let v(c) = c**3 - 7*c**2 - 16*c + 2. Let j(o) = -2*f(o) - 11*v(o). List the prime factors of j(-8).
2, 3, 5
Suppose -3*d - 66 = -2*z - 0*d, -3*z - d + 88 = 0. Let k = z + -36. List the prime factors of ((-4)/k)/(24/144).
2
Suppose -3419 = 5*c + 2*f - 1345, 0 = -4*c - f - 1658. Let l = c + 611. Let i = l + 74. What are the prime factors of i?
271
Let u be (132/33)/(2/65). Suppose -u = -j + 2*y, -3*j = -0*j - 2*y - 374. What are the prime factors of j?
2, 61
Let h(i) = 8*i**2 + 824*i - 587. List the prime factors of h(-113).
79, 107
Suppose -2*k = 2*g - 3782, -4*k = -g + 1022 + 884. Suppose -7*f + 416 = -g. List the prime factors of f.
2, 3, 5, 11
Let n(j) = 2*j - 32. Suppose 2*f = 24 - 8. Suppose 2*m = f, 4*u + 6*m - 3*m = 104. What are the prime factors of n(u)?
2, 7
Let n be 2*25/30 + 1/3. Suppose -v + n*v = d + 52, 2*v - 110 = -d. List the prime factors of v.
2, 3
Suppose 9 = -2*d + 5*d. Suppose -10 = 7*l + d*l. Let q = 43 + l. What are the prime factors of q?
2, 3, 7
Suppose -8368 = -10*v - 1848. Suppose 4*d - v = -o, 5*d - o - 875 = -69. List the prime factors of d.
2, 3
Suppose -t - 5577 = -g + 72073, -2*t = -3*g + 232955. What are the prime factors of g?
3, 5, 31, 167
Suppose 31*q - 1869 = 24*q. Let y = -138 + q. What are the prime factors of y?
3, 43
Let c(r) = 8179*r**2 + 8*r + 33. What are the prime fa